- -10)) - -1.
10
What is the value of 2 + -5 - (-10 + (-1 - 7)) - -11?
26
What is (-15 - -26) + 3 - (-2 + 12)?
4
What is 5 + 2 - (7 + -14 + 0) - 8?
6
What is the value of (-19 - -3) + (-56 - -63)?
-9
What is the value of -20 + 5 + (10 + -11 - (-1 - 0))?
-15
What is the value of -4 - 0 - (-225 - -204) - -1?
18
Evaluate 16 + -3 + (-9 - -13) + -3.
14
Calculate (3 - 17) + (0 - (-19 - -8)).
-3
Evaluate (-26 - -5) + (4 - -1).
-16
Calculate 5 + (11 + -2 - ((-3 - -16) + -6)).
7
What is (-10 - -2) + -22 + 35 - 10 - 5?
-10
What is the value of 10 + 7 + -11 + 3?
9
Evaluate 2217 - 2245 - (-34 - -1).
5
What is the value of -488 + 478 + ((2 - 0) + 1 - 5)?
-12
Evaluate 1 - 29 - (-285 + 269).
-12
What is (-2 + (-13 - -4) - (2 - -3)) + 6?
-10
What is the value of -46 + 58 - (-4 + (-2 - -16) + -4)?
6
What is the value of -1 + -8 + 13 - 13?
-9
-19 + -30 + (6 - -43)
0
What is 10 - 9 - 4 - 23?
-26
2 + 2 - 5 - -2 - (-16 + 1)
16
59 + -58 + (-4 + 16 - (-1 + -1))
15
Calculate 1 + -12 + -568 + 594.
15
Evaluate (0 - 2) + -10 + (0 - (10 - 17)).
-5
(-1 - -25) + (-5 - (5 - 2 - 0))
16
Evaluate (23 - 56) + 25 + 30.
22
What is 10 + (-8 - 0) + 10 + 8 + -32?
-12
What is the value of ((4 - 5) + -3 - -3) + -1?
-2
Calculate -38 - (-35 - -10 - -10).
-23
What is 4 + 0 + 11 + -4?
11
What is -12 - (1 + 10) - -19?
-4
(2 - 4) + -6 + (15 - -3)
10
What is the value of 12 + 0 - 7 - -7?
12
What is 8 + 4 - (-32 + 50 - -6)?
-12
What is -18 - (31 + (-35 - 19))?
5
What is the value of 20 - (6 - (-12 + 11 - 2))?
11
Calculate -1 - 7 - (8 + -9 + -4 + 1).
-4
Calculate -2 + 2 + (-6 + (2 - -1) - 7).
-10
What is -11 + -2 - (-19 + 22)?
-16
What is -11 - 20 - -21 - 2?
-12
11 + 6 - (-2 + -19)
38
9 + 5 + 9 + (-54 - -37)
6
Evaluate 4 + -20 + -11 + (-10 - -29).
-8
Evaluate 28 - (39 + -13) - 11.
-9
3 + (-3 - -5) + (-144 - -137)
-2
Evaluate -2 + 3 + (9 - (21 - 3)) + 19.
11
Calculate 13 + (11 - 21) - (-4 + 10 + -26).
23
Calculate 7 + (-12 - -2 - (3 - -3)).
-9
What is 398 + -403 + (0 - 1) + -4 + -2?
-12
What is 10 + -5 + 22 + 3?
30
(0 - 6 - -10) + (22 - 7) + 0
19
Evaluate 35 - (99 + -25 - 23).
-16
1 + -8 - (32 + (-32 - -1))
-8
Calculate 10 - (6 + -32 - -19).
17
Calculate (-9 - (9 - (-3 + 21))) + -1 + -3.
-4
Evaluate 0 + -2 + ((-9 - -11) + -1 - 2).
-3
Evaluate (19 - 7) + -24 + 8.
-4
What is the value of 7 + -2 + 10 + -3?
12
What is -3 - -1 - 3 - (3 - -1)?
-9
Evaluate (19 - (-6 + 2 + 6)) + -4.
13
What is the value of (8 - 8) + -13 - -2 - 11?
-22
What is the value of (-23 - -19) + 3 - 5?
-6
Calculate -16 + (15 - 5) - (4 + -2).
-8
What is the value of 1 - (16 + -39) - 17?
7
-23 - (-10 + (-5 - -12 - 3))
-17
What is the value of -25 + (-2 + 30 - 16)?
-13
What is the value of -4 + ((2 - 0) + (-145 - -159) - -9)?
21
What is the value of -8 + (8 - (6 + 0)) + -9?
-15
What is the value of (3 - (-3 - -5) - -7) + -23?
-15
Calculate 20 + 4 - -3 - (-133 - -150).
10
(9 - 1) + (-27 - -4)
-15
6 - (-3 + 17 + -8) - -6
6
Calculate 6 + (-14 - 1) + (-2 - -8).
-3
What is -15 + (-1 - 0) - (-33 - -27) - 1?
-11
What is the value of -5 + (0 - (2 + -2)) + 1?
-4
-7 + 4 + -13 + -6 + 23
1
What is (-8 + 33 - 11) + -19?
-5
Evaluate 22 + (-14 - -4) + 6.
18
What is -1 + -1 + 2 + (13 - 19) - -16?
10
-2 + (10 + -6 - 0 - 2) + 2
2
What is 0 - (-1 + 22) - (23 - (4 + 11))?
-29
What is the value of -19 - (-1 + -10) - -4?
-4
What is -53 - -44 - (-24 - 7)?
22
Calculate 1 - (8 + -11) - 10.
-6
Evaluate -1 - (1 - (2 + 3) - -5).
-2
Evaluate 6 - (40 + -6 - 14).
-14
Evaluate (-21 - -7 - -8) + -1.
-7
Calculate (0 - -18) + 0 + 10 + -19.
9
What is the value of (-2 - -11 - -6) + -4 + -6?
5
-186 + 177 - (1 + -1 - -2)
-11
Calculate -77 - -112 - (0 + 23).
12
-6 + -58 + -16 + 45
-35
0 + -24 - ((-404 - -377) + (-1 - -18))
-14
What is the value of (-1 + 2 - -3) + (-874 - -851)?
-19
Evaluate (274 - 299) + -1 + 14 - 2.
-14
What is -573 + 569 - (-39 - 1) - 15?
21
Calculate 1 - (18 + (-1 - -4) + (24 - 29)).
-15
Evaluate -1 - 2 - ((-5 - -2) + -2 - -4).
-2
Calculate -12 + 15 + 7 - 10.
0
Evaluate 0 - (-26 + 32 + (3 - (1 + 0))).
-8
What is the value of 6 + 9 - (2 - -21)?
-8
Evaluate 7 - (-2 + 4 + 5 + -5 + -7).
12
Calculate -14 - (-13 + (-25 - 4) + 0).
28
5 - 4 - -3 - (38 + -22)
-12
What is the value of -8 + 3 + -3 + -172 + 192 + 14?
26
Calculate (-30 - 1) + -917 + 931.
-17
What is the value of 56 + -79 - (5 - 0)?
-28
What is the value of (-5 - (-9 - -5)) + (-8 - (-14 - -14))?
-9
What is the value of (7 - (3 + 4)) + (11 - 11)?
0
What is -22 + (8 - 8 - -20)?
-2
Calculate 0 + 49 + -47 + (-7 - (-1 + 0)).
-4
What is (-8 - ((17 - 8) + -26)) + 9?
18
What is 16 + (-18 - (9 - 3)) - -11?
3
Evaluate -6 + 18 + -40 - -19.
-9
Evaluate 3 + 4 - (3 - -11) - 11.
-18
Evaluate 14 + (-13 - 0) - (3 - -23).
-25
Calculate -9 + -8 + -1 + -8 + 0 + 4.
-22
Calculate (5 - -1) + 2 - (-3 + 16).
-5
What is -1 + 2 + -36 - (-329 + 317)?
-23
Calculate 8 + -4 + 4 - (0 + (-26 - -20)).
14
(-2 + 1 - -16) + -70 + 65
10
What is 4 - (-10 + (-8 + (3 - -5) - -9))?
5
Evaluate -2 + -4 - (-13 - -24) - -7.
-10
-12 + 56 + (7 - 42)
9
Calculate -11 + (-9 - -24) - 16.
-12
Evaluate -136 - -111 - (-4 + -2 + 1).
-20
Calculate (-13 - -1) + (-1 - ((-4 - 1) + 2)).
-10
What is the value of -5 - 12 - (5 - (17 + 16))?
11
Evaluate 21 - (5 - -1 - -4) - 25.
-14
Calculate (-1 - 0) + -18 + 14 + 16.
11
Evaluate (-9 + 11 - -11) + -5 - 1.
7
Evaluate 4 + -11 + 11 + 27 + -8 + 3.
26
What is the value of -37 + 4 + (-19 - -54)?
2
Evaluate 63 + -69 + (-8 - 0) + 5.
-9
Calculate 0 - -48 - (-172 + 68 - -123).
29
Calculate -7 + 14 - 0 - (5 + 10).
-8
What is 4 + (14 - 4 - 4) - 14?
-4
(-4 - -9 - 3) + 6 + 2
10
Calculate -1 - 3 - (14 + -16) - -11.
9
Calculate (2 - (-1 - -3) - (39 + -18)) + -3.
-24
Evaluate 0 - 18 - (286 + -314).
10
(16 - (-13 + 4)) + -7
18
Evaluate -20 + 2 + (-1 + 1 - 7 - -9).
-16
What is the value of 20 + 3 - (-28 + 58)?
-7
What is the value of -22 - (23 + -9) - -40?
4
What is the value of (24 - (5 + (4 - -3 - 6))) + -5?
13
What is the value of (28 - -1) + (-40 - -75) + -47?
17
Calculate -12 + 19 + 13 - 34.
-14
-9 + -1 + (-1 + 5 - 3)
-9
Evaluate 21 + -24 + -8 - -23.
12
Evaluate -5 + 7 + (5 + -8 - -2) - -3.
4
11 + -3 - (-16 + 12 + 11)
1
What is (-3 - (12 - 4)) + 5 - 11?
-17
-2 + (-25 - -14) + -15 + (1 - -5)
-22
What is 0 - (2 + 0 + -7 + 0 + 7)?
-2
Calculate -8 + -6 - (-47 - -32).
1
What is 38 - ((4 - -43) + -9)?
0
Calculate -150 - -135 - ((0 - 0) + -4 + 0).
-11
Evaluate 4 - (-24 - (9 + -22) - -41).
-26
What is -1 + (9 - (3 + -3))?
8
-13 + 2 + 0 + 6
-5
Calculate 9 - (-13 - -3 - -15) - (-8 + -3).
15
(13 - ((9 - -1) + -8)) + -5
6
20 - (-8 - (-3 - -4 - (12 - 4)))
21
What is 30 - 0 - (-1500 - -1524)?
6
0 + 0 + 44 + -62
-18
What is -100 + 109 + -20 + -1?
-12
Calculate (-11 - -2) + (155 - 146) - (-2 + 1).
1
Calculate 16 - 9 - 7 - (1 + 4 + 1).
-6
What is the value of -24 + (-11 + 6 - (2 - 16))?
-15
Evaluate (-2 - (26 + -29)) + 19 + -3.
17
Calculate 8 + -28 + (48 - 30).
-2
Calculate 8 - (-1 - (-7 + -1)) - 11.
-10
Evaluate (2 - (3 - 7)) + 3.
9
What is the value of 12 + -1 + 12 + (108 - 121)?
10
What is (0 - -1) + -2 - (-7 + -1) - 8?
-1
What is 0 + (0 - (-9 - 3)) + 0 + -7?
5
What is 0 + -9 + 25 + (9 + -12 - -9)?
22
Evaluate -29 - -18 - (12 - 14).
-9
Evaluate 10 - 10 - (-5 + -3) - 9.
-1
Calculate -17 - (0 + -6 - 19).
8
What is the value of (7 - ((-7 - -7) + 0)) + -10 + 2?
-1
51 + -31 + -14 + -20
-14
What is the value of 2 + (-34 - -58) + -29?
-3
Evaluate 10 - ((2 - 8) + 7).
9
-8 + (14 - (-12 + 26))
-8
-2 - (-4 + -8 - -19)
-9
Evaluate -27 + 17 - (2 + 1 + -5).
-8
Evaluate 2 + (12 - 26) + 26.
14
Calculate -4 + 7 + -7 + 5 - (3 - 11).
9
Evaluate (3 + -7 - -43) + (10 - 3 - 12).
34
Calculate (0 - 6) + -2 + 17 + 4.
13
What is (3 - 2) + 7 + 9 + -34 + 1?
-16
What is the value of -15 + 2 + (61 - 36)?
12
What is the value of -7 + -2 + 30 + -35 + 9?
-5
What is -4 - (16 - (24 + 8))?
12
Calculate (-6 - (-20 - -12)) + 1.
3
Evaluate (4 + -16 - -27) + (-2 - -3) + -1.
15
What is 1 - (14 + (-22 - (8 + -15)))?
2
Evaluate 5 + -9 + -3 + 6 + -4.
-5
What is 1 + (-49 - -35) + -8?
-21
20 - ((-4 - -12) + 8)
4
(-8 - -16) + 6 + 6 - 9
11
Calculate (1414 - 1436) + (0 - -1) + -2 + -4.
-27
Evaluate 8 + (6 + -6 - (7 + 4)).
-3
What is (-18 + 30 - -21) + -39?
-6
What is the value of 23 - 11 - (8 + 1 + (-134 - -116))?
21
Calculate -21 + (10 - (-8 - -20) - -16).
-7
-33 + 1 + 13 + -9 + -1
